k**3 - 44*k**2 + 13. Let u be v(-44). Suppose -u*o = -9*o - 1332. What is the hundreds digit of o?
3
Let q = -53242 + 78652. What is the units digit of q?
0
Suppose -16*c = -156453 - 119163. Suppose 33*s + 6270 = c. What is the tens digit of s?
3
Let v = -145 + 71. Let i = v - -281. What is the tens digit of i?
0
Let v(b) = b**3 - 6*b**2 - 3*b - 58. Let r be v(8). Suppose -r*s = 896 - 3150. What is the tens digit of s?
4
What is the ten thousands digit of 464696/46 + (-2)/23?
1
Suppose 4*g = 4*i - 48, i + 4*g - 8 - 19 = 0. Suppose j = 4*w - 0*j + 1124, -16 = 4*j. Let z = i - w. What is the units digit of z?
7
Suppose -1146 + 361 = -5*u. Let v = -169 + 173. Suppose -3*j + j + v*n = -110, -3*j + u = 2*n. What is the tens digit of j?
5
Suppose 289*x = -4*n + 293*x + 178532, -5*x = 0. What is the tens digit of n?
3
Suppose -3*l + 3*t + 13 = -14, l = -t + 3. Let x = 1578 - 1063. Suppose -l*r + r = -x. What is the units digit of r?
3
Let a = 222 - 219. Suppose 3*w - w + 1495 = i, -2*w = -a*i + 4497. What is the thousands digit of i?
1
Suppose 8*f = 5*o + 228063, -4*f = 3*o - 35135 - 78924. What is the ten thousands digit of f?
2
Let h = 7335 + 1359. What is the thousands digit of h?
8
Let a(b) = b**2 - 14*b - 86. Let c = -231 + 259. What is the tens digit of a(c)?
0
Let m(z) = z**3 - 36*z**2 - 73*z - 167. What is the tens digit of m(39)?
4
Let o = -931 + 2795. What is the thousands digit of o?
1
Let c be 8 + ((-6)/15)/((-5)/50). Suppose 14*m - c*m - 1226 = 0. What is the hundreds digit of m?
6
Let u = 1250 - 225. What is the hundreds digit of u?
0
Let c(w) = -147 - 9*w - 153*w - 16. What is the thousands digit of c(-10)?
1
Let c = -20 + 25. Suppose c*y - 20 = -2*l + 30, 5*y + 3*l - 50 = 0. Suppose -4*r - 31 = -3*u, -u - 4 = 3*r - y. What is the units digit of u?
9
Let s = -1505 - -1509. Suppose -5*l + 340 = -3*z, 4*l - 135 - 137 = -2*z. Suppose s*y = -r + 172, 0 = -2*y + r + l + 12. What is the tens digit of y?
4
Suppose 0 = 96*d - 108*d + 186264. What is the hundreds digit of d?
5
Suppose 3831 = 5*v + x, -2*v + x + 264 = -1274. Suppose v = 3*y - 865. What is the tens digit of y?
4
What is the hundreds digit of (-7)/(14/6) - (-5 - (26135 - 1))?
1
Let d be 4/(-38) - 2813/(-551). Suppose d*b - 2331 = 629. What is the tens digit of b?
9
Let t be (-83460)/(-39) + -6 + 0. Suppose -10*n + 76 = -t. What is the units digit of n?
1
Let v be -132*6/(-3)*(-1)/(6/(-9)). Suppose -z - 2*f - 254 = -0*z, z = -f - 253. Let i = v + z. What is the units digit of i?
4
Let j be (2/(-5))/((-2416)/(-2420) + -1). Suppose 2*t = 3*t + 143. Let z = j + t. What is the units digit of z?
9
Let c(v) = v**3 - 1. Let w(i) = 2*i**3 + 15*i**2 + 18*i - 39. Let l(o) = 3*c(o) - w(o). What is the units digit of l(16)?
4
Let f(q) = q**2 + 7*q + 8. Let v be f(-6). Let j be 6/v - 23 - 2. Let n = 49 + j. What is the tens digit of n?
2
Let s = -163 - -166. Suppose -2*x - 5*n = -1667, 2*n = s*x + 5*n - 2505. What is the units digit of x?
6
Let i = -168 - -175. Let t(o) be the first derivative of o**3/3 - 5*o**2/2 + 18*o + 2. What is the tens digit of t(i)?
3
Let y(i) be the third derivative of -i**5/60 - 25*i**4/12 + 23*i**3/6 - 97*i**2. What is the units digit of y(-24)?
7
Let b(r) = 6*r**2 + 12*r - 115. Let n be b(8). Let v = 439 - n. What is the units digit of v?
4
Let n = 59877 - 32438. What is the units digit of n?
9
Suppose -35538 = -2*a + t + 23952, -t + 6 = 0. What is the thousands digit of a?
9
What is the hundreds digit of 20559 - -1*(-4 - 10)?
5
Let x(h) = 5*h**2 + 2*h + 1389. What is the hundreds digit of x(-32)?
4
Let x(l) = 5*l + 17*l + 2*l + 39 - 12. What is the units digit of x(7)?
5
Let y = -75 - -78. Suppose -v - y*c + 69 = 2*v, 0 = 2*c - 2. What is the units digit of 2 + v/3 + (-5)/15?
9
Suppose 6*a + 10 = a. Let c be a/(-1)*6/3. Suppose 8*z - c*z - 500 = 0. What is the tens digit of z?
2
Let m = -22097 - -45302. What is the thousands digit of m?
3
Suppose -3306*o = -3226*o - 5161600. What is the hundreds digit of o?
5
Let a(h) = 70*h - 323. Let i(v) = -25*v + 107. Let s(d) = -4*a(d) - 11*i(d). Let f be (-2 + 3 + -1)/(-2). What is the tens digit of s(f)?
1
Let o(w) = 652*w - 851. What is the units digit of o(10)?
9
What is the ten thousands digit of (14 + (-270)/20)/(2/285952)?
7
Let w = 13048 - 8686. Suppose w = 10*c - 7*c. What is the tens digit of c?
5
Let m be -236*(((-1628)/16)/11 + 5). Let r = 525 + m. What is the thousands digit of r?
1
Let u = 82 + 1021. Let a = 1753 - u. What is the tens digit of a?
5
Let z = -36 + 61. Let p(s) = -s**2 - 24*s - 40. Let j be p(-16). Let i = z + j. What is the hundreds digit of i?
1
Let z = -13 - -18. Let f be (434/56)/((-1)/(-20)). Suppose 2*b = -2*b - 3*j + f, 2*b = -z*j + 67. What is the tens digit of b?
4
Let b(n) = n + 7. Let z = 191 - 175. What is the units digit of b(z)?
3
Let m(g) = -1213*g - 364. What is the thousands digit of m(-2)?
2
Let o(l) = 9*l**2 - 14*l + 10. Let w(n) = -n - 19. Let t be w(18). Let q = t - -42. What is the tens digit of o(q)?
6
Suppose -5*y - 5*n + 2 = -6*y, 4*y = 4*n + 56. Let s = y - 24. What is the tens digit of (3/s)/((-2)/592)?
4
Let t = -6518 + 16134. What is the tens digit of t?
1
Suppose 8*w + 10*w - 252 = 0. Suppose k - 158 = w. What is the tens digit of k?
7
Suppose 18577 = -9227*x + 9239*x - 24671. What is the units digit of x?
4
Suppose -79*y + 886346 = 183*y. What is the thousands digit of y?
3
Let m = -8919 + 85251. What is the ten thousands digit of m?
7
Let j be (7/(-35) - 4/5)*-623. Suppose -34*m = -35*m + j. What is the units digit of m?
3
Suppose 135233 + 134011 = -48*c + 51*c. What is the thousands digit of c?
9
Let s = -350 - -245. What is the tens digit of (35/s)/((-2)/96)?
1
Let u(g) = -g - 8. Let x be u(-8). Suppose -5*a - 30 = -11*a. Suppose -7*n + a*n + 126 = x. What is the units digit of n?
3
Let z(b) be the third derivative of -b**6/120 - 23*b**5/30 + 5*b**4/3 - 43*b**3/6 - 26*b**2. What is the tens digit of z(-47)?
8
Suppose 3*h - 2*c = -4*c + 20, -c = -h. Suppose -2*q = h*b + 3*q - 529, -5*q + 121 = b. What is the tens digit of b?
3
Let h = -17150 + 31721. What is the ten thousands digit of h?
1
Let q(i) = -628*i - 139. Let n(g) = 157*g + 34. Let f(p) = -26*n(p) - 6*q(p). What is the tens digit of f(-2)?
7
Let c(m) = -3*m**2 + 17 + 3*m + 2*m**2 + 8*m. Let i be c(12). Suppose -2*b + 5*u + 16 + 130 = 0, 365 = i*b - 2*u. What is the tens digit of b?
7
Let b = 10950 + -7150. Suppose 31*y - 8941 = b. What is the tens digit of y?
1
Let i be (0/(-3) + 6)/(6/4). Suppose 5402 = 4*j + s, -6482 = -i*j + 2*s - 1086. What is the hundreds digit of j?
3
Let z = -212 + 616. Suppose -5*h - 2939 = -4*s, s - 333 = 2*h + z. What is the tens digit of s?
3
Let r(j) = -7*j**2 + 42*j - 105. Let w(h) = 4*h**2 - h - 1. Let x(o) = r(o) + 3*w(o). What is the units digit of x(-21)?
8
Let z = -12822 + 29099. What is the tens digit of z?
7
Let f(w) = -6613*w - 2648. What is the units digit of f(-5)?
7
Let q(n) be the second derivative of -67*n**3/2 + n**2 - 88*n + 2. What is the thousands digit of q(-5)?
1
Let a(j) = j**2 - 71*j + 748. Let v be a(13). Let p(s) = 16*s + 16. Let h(r) = 17*r + 17. Let z(c) = 5*h(c) - 6*p(c). What is the tens digit of z(v)?
5
Suppose 0*r - 5889 = -r + 4*m, -23573 = -4*r - m. What is the tens digit of r?
9
Let g(n) = -36*n + 3. Let y be g(-1). Let t = y + -36. Suppose -20 = -5*f, 0 = 6*h - 4*h - t*f - 48. What is the tens digit of h?
3
Suppose 12*x + 0*x - 8*x = 10800. What is the tens digit of x?
0
Suppose -5*s - 12*i + 14*i = -28, i = -5*s + 16. Suppose 5*v - 15 = 0, 0*m - 2*m - s*v = -652. What is the hundreds digit of m?
3
What is the thousands digit of 0*(12 - (0 - -11)) - (-48144 - 0)?
8
Suppose x - 8*a + 1056 = -10*a, -4*a = -4*x - 4236. Let n = x - -1708. What is the tens digit of n?
5
Suppose 2*z + 17 + 3 = 0. What is the units digit of ((-469)/15 + 4/z)*-6?
0
Let j(s) be the second derivative of -15*s**3 + 259*s**2/2 + 4*s - 46. What is the thousands digit of j(-11)?
1
Let z be (55 - 63)/(-1 + 2 + -3). Suppose m + 1007 = z*m + 4*u, 1336 = 4*m + 4*u. What is the units digit of m?
9
Suppose -4*a - 123 = -u - 9*a, -400 = -4*u + 3*a. Suppose -98*n = -u*n + 595. Let z = 240 - n. What is the hundreds digit of z?
1
Let w(z) = z**3 + z**2 + 178. Let m be w(0). Let q =